{"id":37,"date":"2019-03-01T15:37:00","date_gmt":"2019-03-01T14:37:00","guid":{"rendered":"https:\/\/nordiccarline.dk\/?p=37"},"modified":"2025-02-25T17:51:26","modified_gmt":"2025-02-25T16:51:26","slug":"long-sleeve-tee","status":"publish","type":"product","link":"https:\/\/nordiccarline.dk\/?product=long-sleeve-tee","title":{"rendered":"Flyttet\u00e6pper syet &#8211; 150 x 200 cm x 900gr"},"content":{"rendered":"<p><strong>Flyttet\u00e6pper syet &#8211; 150 x 200 cm x 900gr<\/strong><\/p>\n<p>M\u00f8rkegr\u00e5 melange. Flyttet\u00e6ppet syet 150 x 200 cm i fin kvalitet er sammensat af materialer som best\u00e5r af 100% genbrugte tekstiler med bomuld, og uld i. Syet p\u00e5 4 sider. V\u00e6gt 900 G.<\/p>\n<p>Flyttet\u00e6pper syet bruges til at beskytte b\u00e5de m\u00f8bler og gulve, samt andre v\u00e6rdifulde genstande mod ridser og skrammer.<\/p>\n<p>Hunde plaid.<\/p>\n<p>Kontakt os for tilbud ved st\u00f8rre m\u00e6ngde.<\/p>\n<p>Der p\u00e5l\u00e6gges fragt ved forsendelse.<\/p>\n","protected":false},"excerpt":{"rendered":"<p>Flyttet\u00e6pper syet &#8211; 150 x 200 cm x 900gr M\u00f8rkegr\u00e5 melange. Flyttet\u00e6ppet syet 150 x 200 cm i fin kvalitet er sammensat af materialer som best\u00e5r af 100% genbrugte tekstiler med bomuld, og uld i. Syet p\u00e5 4 sider. V\u00e6gt 900 G. Flyttet\u00e6pper syet bruges til at beskytte b\u00e5de m\u00f8bler og gulve, samt andre v\u00e6rdifulde [&hellip;]<\/p>\n","protected":false},"featured_media":582,"template":"","meta":[],"product_brand":[],"product_cat":[18],"product_tag":[],"class_list":{"0":"post-37","1":"product","2":"type-product","3":"status-publish","4":"has-post-thumbnail","6":"product_cat-taepper","8":"first","9":"instock","10":"taxable","11":"shipping-taxable","12":"purchasable","13":"product-type-simple"},"_links":{"self":[{"href":"https:\/\/nordiccarline.dk\/index.php?rest_route=\/wp\/v2\/product\/37","targetHints":{"allow":["GET"]}}],"collection":[{"href":"https:\/\/nordiccarline.dk\/index.php?rest_route=\/wp\/v2\/product"}],"about":[{"href":"https:\/\/nordiccarline.dk\/index.php?rest_route=\/wp\/v2\/types\/product"}],"wp:featuredmedia":[{"embeddable":true,"href":"https:\/\/nordiccarline.dk\/index.php?rest_route=\/wp\/v2\/media\/582"}],"wp:attachment":[{"href":"https:\/\/nordiccarline.dk\/index.php?rest_route=%2Fwp%2Fv2%2Fmedia&parent=37"}],"wp:term":[{"taxonomy":"product_brand","embeddable":true,"href":"https:\/\/nordiccarline.dk\/index.php?rest_route=%2Fwp%2Fv2%2Fproduct_brand&post=37"},{"taxonomy":"product_cat","embeddable":true,"href":"https:\/\/nordiccarline.dk\/index.php?rest_route=%2Fwp%2Fv2%2Fproduct_cat&post=37"},{"taxonomy":"product_tag","embeddable":true,"href":"https:\/\/nordiccarline.dk\/index.php?rest_route=%2Fwp%2Fv2%2Fproduct_tag&post=37"}],"curies":[{"name":"wp","href":"https:\/\/api.w.org\/{rel}","templated":true}]}}