{"id":285,"date":"2019-03-25T11:38:39","date_gmt":"2019-03-25T10:38:39","guid":{"rendered":"https:\/\/nordiccarline.dk\/?post_type=product&#038;p=285"},"modified":"2026-02-26T14:20:33","modified_gmt":"2026-02-26T13:20:33","slug":"boblefolie-i-10x150-meter","status":"publish","type":"product","link":"https:\/\/nordiccarline.dk\/?product=boblefolie-i-10x150-meter","title":{"rendered":"Boblefolie i 1,0&#215;150 meter"},"content":{"rendered":"<p>Boblefolie i 1,0 x 150 meter rulle.   kontakt os venligst for tilbud.<\/p>\n<p>Boblefolie er ideel til indpakning af skr\u00f8belige ting. Rullen er 1,0 x 150m bred. Til store flytninger &#8211; Firma flytninger . Vi anbefaler boblefolie i brede ruller, da du derved undg\u00e5r s\u00e5rbarheder i spr\u00e6kker i indpakningen.<\/p>\n<p><strong>Bem\u00e6rk:<\/strong> Ved forsendelse bliver der p\u00e5lagt fragtgebyr.<\/p>\n","protected":false},"excerpt":{"rendered":"<p>Boblefolie i 1,0 x 150 meter rulle. kontakt os venligst for tilbud. Boblefolie er ideel til indpakning af skr\u00f8belige ting. Rullen er 1,0 x 150m bred. Til store flytninger &#8211; Firma flytninger . Vi anbefaler boblefolie i brede ruller, da du derved undg\u00e5r s\u00e5rbarheder i spr\u00e6kker i indpakningen. Bem\u00e6rk: Ved forsendelse bliver der p\u00e5lagt fragtgebyr.<\/p>\n","protected":false},"featured_media":286,"template":"","meta":[],"product_brand":[],"product_cat":[27],"product_tag":[],"class_list":{"0":"post-285","1":"product","2":"type-product","3":"status-publish","4":"has-post-thumbnail","6":"product_cat-emballage","8":"first","9":"instock","10":"taxable","11":"shipping-taxable","12":"purchasable","13":"product-type-simple"},"_links":{"self":[{"href":"https:\/\/nordiccarline.dk\/index.php?rest_route=\/wp\/v2\/product\/285","targetHints":{"allow":["GET"]}}],"collection":[{"href":"https:\/\/nordiccarline.dk\/index.php?rest_route=\/wp\/v2\/product"}],"about":[{"href":"https:\/\/nordiccarline.dk\/index.php?rest_route=\/wp\/v2\/types\/product"}],"wp:featuredmedia":[{"embeddable":true,"href":"https:\/\/nordiccarline.dk\/index.php?rest_route=\/wp\/v2\/media\/286"}],"wp:attachment":[{"href":"https:\/\/nordiccarline.dk\/index.php?rest_route=%2Fwp%2Fv2%2Fmedia&parent=285"}],"wp:term":[{"taxonomy":"product_brand","embeddable":true,"href":"https:\/\/nordiccarline.dk\/index.php?rest_route=%2Fwp%2Fv2%2Fproduct_brand&post=285"},{"taxonomy":"product_cat","embeddable":true,"href":"https:\/\/nordiccarline.dk\/index.php?rest_route=%2Fwp%2Fv2%2Fproduct_cat&post=285"},{"taxonomy":"product_tag","embeddable":true,"href":"https:\/\/nordiccarline.dk\/index.php?rest_route=%2Fwp%2Fv2%2Fproduct_tag&post=285"}],"curies":[{"name":"wp","href":"https:\/\/api.w.org\/{rel}","templated":true}]}}