{"id":248,"date":"2019-03-25T10:31:54","date_gmt":"2019-03-25T09:31:54","guid":{"rendered":"https:\/\/nordiccarline.dk\/?post_type=product&#038;p=248"},"modified":"2025-08-28T13:00:27","modified_gmt":"2025-08-28T12:00:27","slug":"flytteseler-baereseler","status":"publish","type":"product","link":"https:\/\/nordiccarline.dk\/?product=flytteseler-baereseler","title":{"rendered":"Flytteseler \/ B\u00e6reseler"},"content":{"rendered":"<p>Dobbeltsyet kernel\u00e6der med indsyet str\u00e6kl\u00e6rred. Incl. 4stk nylonstropper. 1 par for 2 m\u00e6nd.<\/p>\n<p>Zink kroge kan til k\u00f8bes. 4 stk. 232,00 kr\u00a0+ moms \u2013 ( Komplet s\u00e6t med kroge 2327,00 kr\u00a0+ moms )<\/p>\n<p><strong>Bem\u00e6rk:<\/strong> Ved forsendelse bliver der p\u00e5lagt fragtgebyr.<\/p>\n","protected":false},"excerpt":{"rendered":"<p>Dobbeltsyet kernel\u00e6der med indsyet str\u00e6kl\u00e6rred. Incl. 4stk nylonstropper. 1 par for 2 m\u00e6nd. Zink kroge kan til k\u00f8bes. 4 stk. 232,00 kr\u00a0+ moms \u2013 ( Komplet s\u00e6t med kroge 2327,00 kr\u00a0+ moms ) Bem\u00e6rk: Ved forsendelse bliver der p\u00e5lagt fragtgebyr.<\/p>\n","protected":false},"featured_media":249,"template":"","meta":[],"product_brand":[],"product_cat":[25],"product_tag":[],"class_list":{"0":"post-248","1":"product","2":"type-product","3":"status-publish","4":"has-post-thumbnail","6":"product_cat-flytte-og-baereseler","8":"first","9":"instock","10":"taxable","11":"shipping-taxable","12":"purchasable","13":"product-type-simple"},"_links":{"self":[{"href":"https:\/\/nordiccarline.dk\/index.php?rest_route=\/wp\/v2\/product\/248","targetHints":{"allow":["GET"]}}],"collection":[{"href":"https:\/\/nordiccarline.dk\/index.php?rest_route=\/wp\/v2\/product"}],"about":[{"href":"https:\/\/nordiccarline.dk\/index.php?rest_route=\/wp\/v2\/types\/product"}],"wp:featuredmedia":[{"embeddable":true,"href":"https:\/\/nordiccarline.dk\/index.php?rest_route=\/wp\/v2\/media\/249"}],"wp:attachment":[{"href":"https:\/\/nordiccarline.dk\/index.php?rest_route=%2Fwp%2Fv2%2Fmedia&parent=248"}],"wp:term":[{"taxonomy":"product_brand","embeddable":true,"href":"https:\/\/nordiccarline.dk\/index.php?rest_route=%2Fwp%2Fv2%2Fproduct_brand&post=248"},{"taxonomy":"product_cat","embeddable":true,"href":"https:\/\/nordiccarline.dk\/index.php?rest_route=%2Fwp%2Fv2%2Fproduct_cat&post=248"},{"taxonomy":"product_tag","embeddable":true,"href":"https:\/\/nordiccarline.dk\/index.php?rest_route=%2Fwp%2Fv2%2Fproduct_tag&post=248"}],"curies":[{"name":"wp","href":"https:\/\/api.w.org\/{rel}","templated":true}]}}