{"id":240,"date":"2019-03-25T10:22:21","date_gmt":"2019-03-25T09:22:21","guid":{"rendered":"https:\/\/nordiccarline.dk\/?post_type=product&#038;p=240"},"modified":"2023-10-09T11:22:11","modified_gmt":"2023-10-09T10:22:11","slug":"flytteseler-baandbaereseler-b","status":"publish","type":"product","link":"https:\/\/nordiccarline.dk\/?product=flytteseler-baandbaereseler-b","title":{"rendered":"Flytteseler \/ B\u00e5ndb\u00e6reseler (B)"},"content":{"rendered":"<p>Flytteseler\/B\u00e6reseler Model B Pro. Flytte\/Klaver Seler Flytteseler\/B\u00e6reseler Model B er en meget kr\u00e6ftig model i 100mm hvidt b\u00e5nd \/ Med b\u00e5nd til. Flytteselen har ekstra ryg\/l\u00e6nd st\u00f8tte og kan jursteres p\u00e5 br\u00f8st og mave s\u00e5 den sidder helt perfekt \/ med ekstra indl\u00e6g til st\u00f8tte p\u00e5 skulderner. Flytteselen Model B \/ 1 s\u00e6t til to m\u00e6nd\/Flyttem\u00e6nd. Kroge og stropper kan tilk\u00f8bes. ( Flytteudstyr )<\/p>\n<p><strong>Bem\u00e6rk:<\/strong> Ved forsendelse bliver der p\u00e5lagt fragtgebyr.<\/p>\n","protected":false},"excerpt":{"rendered":"<p>Flytteseler\/B\u00e6reseler Model B Pro. Flytte\/Klaver Seler Flytteseler\/B\u00e6reseler Model B er en meget kr\u00e6ftig model i 100mm hvidt b\u00e5nd \/ Med b\u00e5nd til. Flytteselen har ekstra ryg\/l\u00e6nd st\u00f8tte og kan jursteres p\u00e5 br\u00f8st og mave s\u00e5 den sidder helt perfekt \/ med ekstra indl\u00e6g til st\u00f8tte p\u00e5 skulderner. Flytteselen Model B \/ 1 s\u00e6t til to [&hellip;]<\/p>\n","protected":false},"featured_media":241,"template":"","meta":[],"product_brand":[],"product_cat":[25],"product_tag":[],"class_list":{"0":"post-240","1":"product","2":"type-product","3":"status-publish","4":"has-post-thumbnail","6":"product_cat-flytte-og-baereseler","8":"first","9":"instock","10":"taxable","11":"shipping-taxable","12":"purchasable","13":"product-type-simple"},"_links":{"self":[{"href":"https:\/\/nordiccarline.dk\/index.php?rest_route=\/wp\/v2\/product\/240","targetHints":{"allow":["GET"]}}],"collection":[{"href":"https:\/\/nordiccarline.dk\/index.php?rest_route=\/wp\/v2\/product"}],"about":[{"href":"https:\/\/nordiccarline.dk\/index.php?rest_route=\/wp\/v2\/types\/product"}],"wp:featuredmedia":[{"embeddable":true,"href":"https:\/\/nordiccarline.dk\/index.php?rest_route=\/wp\/v2\/media\/241"}],"wp:attachment":[{"href":"https:\/\/nordiccarline.dk\/index.php?rest_route=%2Fwp%2Fv2%2Fmedia&parent=240"}],"wp:term":[{"taxonomy":"product_brand","embeddable":true,"href":"https:\/\/nordiccarline.dk\/index.php?rest_route=%2Fwp%2Fv2%2Fproduct_brand&post=240"},{"taxonomy":"product_cat","embeddable":true,"href":"https:\/\/nordiccarline.dk\/index.php?rest_route=%2Fwp%2Fv2%2Fproduct_cat&post=240"},{"taxonomy":"product_tag","embeddable":true,"href":"https:\/\/nordiccarline.dk\/index.php?rest_route=%2Fwp%2Fv2%2Fproduct_tag&post=240"}],"curies":[{"name":"wp","href":"https:\/\/api.w.org\/{rel}","templated":true}]}}